{"id":2167,"date":"2023-08-04T15:35:10","date_gmt":"2023-08-04T13:35:10","guid":{"rendered":"https:\/\/isocelartiste.com\/boutique\/?page_id=2167"},"modified":"2023-08-15T08:36:38","modified_gmt":"2023-08-15T06:36:38","slug":"cookies","status":"publish","type":"page","link":"https:\/\/isocelartiste.com\/boutique\/cookies\/","title":{"rendered":"Cookies"},"content":{"rendered":"\n<h2 class=\"wp-block-heading\">Information sur l\u2019usage des Cookies<\/h2>\n\n\n\n<p>Notre site internet utilise des cookies pour analyser la navigation des utilisateurs.<\/p>\n\n\n\n<p>Les cookies sont des fichiers qui s&#8217;installent sur l&#8217;\u00e9quipement \u00e0 partir duquel vous acc\u00e9dez \u00e0 notre web, aux fins d\u00e9crites dans cette page.<\/p>\n\n\n\n<p>Nous utilisons l&#8217;application Google Analytics pour obtenir et analyser l&#8217;information de la navigation. Cette application a \u00e9t\u00e9 d\u00e9velopp\u00e9e par Google afin d&#8217;analyser l&#8217;audience de notre page. Cette entreprise peut utiliser ces donn\u00e9es pour am\u00e9liorer ses propres services et pour offrir des services \u00e0 d&#8217;autres entreprises. Vous pouvez prendre connaissance de ces autres utilisations \u00e0 partir des liens indiqu\u00e9s.<\/p>\n\n\n\n<p>Cet outil n&#8217;obtient pas de donn\u00e9es relatives aux noms, pr\u00e9noms, ni l&#8217;adresse postale depuis laquelle se connectent les utilisateurs. L&#8217;information obtenue est li\u00e9e par exemple au nombre de pages vues, la langue, le nom du r\u00e9seau social o\u00f9 sont publi\u00e9es nos actualit\u00e9s, la ville \u00e0 laquelle est attribu\u00e9e l&#8217;adresse IP de nos utilisateurs, le nombre de personnes visitant le site, la fr\u00e9quence, la dur\u00e9e des visites, le navigateur utilis\u00e9, l&#8217;op\u00e9rateur ou le type de terminal depuis lequel se r\u00e9alise la connexion.<\/p>\n\n\n\n<p>Cette information est destin\u00e9e \u00e0 l&#8217;am\u00e9lioration de notre page, site web, la d\u00e9tection de nouveaux besoins et pour \u00e9valuer les am\u00e9liorations \u00e0 mettre en place afin de fournir un meilleur service aux utilisateurs.<\/p>\n\n\n\n<p>Pour autoriser, conna\u00eetre, bloquer ou \u00e9liminer les cookies install\u00e9s dans votre ordinateur, vous pouvez vous rendre dans la rubrique de configuration relative aux options du navigateur. Vous pouvez trouver la marche \u00e0 suivre dans la rubrique d&#8217;aide de votre navigateur.<\/p>\n\n\n\n<p>Si vous d\u00e9posez un commentaire sur notre site, il vous sera propos\u00e9 d\u2019enregistrer votre nom, adresse e-mail et site dans des cookies. C\u2019est uniquement pour votre confort afin de ne pas avoir \u00e0 saisir ces informations si vous d\u00e9posez un autre commentaire plus tard. Ces cookies expirent au bout d\u2019un an.<\/p>\n","protected":false},"excerpt":{"rendered":"<p>Information sur l\u2019usage des Cookies Notre site internet utilise des cookies pour analyser la navigation des utilisateurs. Les cookies sont des fichiers qui s&#8217;installent sur l&#8217;\u00e9quipement \u00e0 partir duquel vous acc\u00e9dez \u00e0 notre web, aux fins d\u00e9crites dans cette page. Nous utilisons l&#8217;application Google Analytics pour obtenir et analyser l&#8217;information de la navigation. Cette application [&hellip;]<\/p>\n","protected":false},"author":1,"featured_media":0,"parent":0,"menu_order":0,"comment_status":"closed","ping_status":"closed","template":"","meta":{"footnotes":""},"class_list":["post-2167","page","type-page","status-publish","hentry"],"blocksy_meta":[],"jetpack_sharing_enabled":true,"_links":{"self":[{"href":"https:\/\/isocelartiste.com\/boutique\/wp-json\/wp\/v2\/pages\/2167","targetHints":{"allow":["GET"]}}],"collection":[{"href":"https:\/\/isocelartiste.com\/boutique\/wp-json\/wp\/v2\/pages"}],"about":[{"href":"https:\/\/isocelartiste.com\/boutique\/wp-json\/wp\/v2\/types\/page"}],"author":[{"embeddable":true,"href":"https:\/\/isocelartiste.com\/boutique\/wp-json\/wp\/v2\/users\/1"}],"replies":[{"embeddable":true,"href":"https:\/\/isocelartiste.com\/boutique\/wp-json\/wp\/v2\/comments?post=2167"}],"version-history":[{"count":2,"href":"https:\/\/isocelartiste.com\/boutique\/wp-json\/wp\/v2\/pages\/2167\/revisions"}],"predecessor-version":[{"id":2176,"href":"https:\/\/isocelartiste.com\/boutique\/wp-json\/wp\/v2\/pages\/2167\/revisions\/2176"}],"wp:attachment":[{"href":"https:\/\/isocelartiste.com\/boutique\/wp-json\/wp\/v2\/media?parent=2167"}],"curies":[{"name":"wp","href":"https:\/\/api.w.org\/{rel}","templated":true}]}}